63 = -2*r + 6*r. Suppose -4*v - 4*h + 19 = -3*v, -5*v - 4*h = -c. List the prime factors of v.
3, 13
Let t(o) = -4*o - 4. What are the prime factors of t(-8)?
2, 7
Suppose 5*f - 4*f = 3*p - 11, p - 25 = -5*f. Let l = 0 + p. Let z(w) = w + 7. List the prime factors of z(l).
2, 3
Let b(q) = -71*q**3 + 2*q + 1. Let u be b(-1). Suppose 3*a = a + 3*t + 45, -3*a + u = -4*t. List the prime factors of a.
2, 3, 5
List the prime factors of (-3)/(3/2)*(-5140)/40.
257
Suppose -4*l - 2*k = -12, -4 = -l - 2*k + 2. Let z = 21 - l. Suppose 0 = -3*y + 4*y - z. What are the prime factors of y?
19
Suppose 4*n - n = 21. Let b(j) = j**3 - 6*j**2 - 7*j + 9. What are the prime factors of b(n)?
3
Suppose 0 = -5*v - 2*x - 2*x + 164, 0 = -4*v - 2*x + 130. List the prime factors of v.
2
Let k = 11 + -9. Let o(h) = -h**3 + 5*h**2 + 7*h - 5. Let f be o(6). Suppose 6*s - 4*s + k*w + 2 = 0, -3*w = 5*s - f. List the prime factors of s.
2
Suppose 4*x + 12 = -0. Let s be 42 - (-3 - (x + 3)). Suppose 2*a - s = -3*a. List the prime factors of a.
3
Let u(t) = t - 2. Let k(g) = 3*g - 3. Let s(o) = -3*k(o) + 5*u(o). What are the prime factors of s(-6)?
23
Let y = 0 - -5. Suppose -y*b + b = -120. What are the prime factors of b?
2, 3, 5
Let l be 8/(-44) - (-4)/22. Suppose 3*u - 5*u + 14 = l. What are the prime factors of ((-21)/u)/((-3)/11)?
11
Let q be 3/(-4) + (-45)/4. List the prime factors of (-4)/q*(1 + 5).
2
Let y = 10 - 9. List the prime factors of y + -1 - (-12 - 2).
2, 7
Let k = 42 + 3. List the prime factors of k.
3, 5
Let s(l) = 3*l - 3. Let c be s(3). Suppose -c*r = -r - 155. List the prime factors of r.
31
Let i(a) = -3*a - 7. What are the prime factors of i(-4)?
5
Suppose -2*d - 2 + 5 = -3*b, -b - 14 = -5*d. Let n(a) = 8*a**2 - 10 + 3*a**d - 2*a - 2*a**3 + 2 + 5*a. List the prime factors of n(-7).
2, 5
Let n = 366 - 200. What are the prime factors of n?
2, 83
Let a = 100 - -9. What are the prime factors of a?
109
Let n(r) = r - 2. Let d be n(5). Let i = -5 + 9. Suppose -i*g + 2*f + 48 = 0, -d*f + f - 4 = 0. What are the prime factors of g?
11
What are the prime factors of 5/5*(-2 - -27)?
5
Suppose -3*t - 19 = -2*x, 2*t + t = -5*x + 16. Suppose 3 = 3*d, 4*d + x = -2*w + 31. List the prime factors of w.
11
Suppose 4*s - 19 = 3*c, 4*c = 5*s - 33 + 9. Suppose 6*l + 3*b = 5*l + 4, -5*l = -s*b - 58. List the prime factors of l.
2, 5
Let y = 0 + 5. Suppose 8*o = y*o + 21. List the prime factors of o.
7
Let w(l) = -4*l - 4. What are the prime factors of w(-2)?
2
What are the prime factors of 1 + 170 + -2 + 2?
3, 19
Let s(d) = -6*d**3 - d**2 - 3*d - 1. Let m be s(-2). Let c = m - -16. Suppose 10*j - 5*j = c. List the prime factors of j.
13
Suppose -2*r = v - 9, 4*r - 21 + 5 = 0. List the prime factors of (2 + -1)*(3 + v).
2
Suppose 4*t + 3*t = 987. What are the prime factors of t?
3, 47
What are the prime factors of 24/(-10)*(-160)/48?
2
Suppose -b - s = 2*b - 492, -b + 2*s = -157. List the prime factors of b.
163
Suppose -2*g + 4*d + 50 = 0, 0 = g - 0*g - d - 22. Let f = g - 3. List the prime factors of f.
2
Let g(r) = r**3 - 4*r**2 - 3*r - 5. Let w be g(5). Suppose w*f - 27 = 33. What are the prime factors of f?
2, 3
Let n = -5 - -9. List the prime factors of ((-72)/42)/(n/(-42)).
2, 3
Let i(l) = l + 22. What are the prime factors of i(13)?
5, 7
What are the prime factors of (-6)/(-2) - 72*-1?
3, 5
Let a(b) = b**2 + 5*b - 57. What are the prime factors of a(11)?
7, 17
Let m = 10 + -11. Let c be 3 + 25*(0 + m). List the prime factors of c*-2*(-1)/(-4).
11
Let d(k) = k + 11. Suppose -39 = 2*u + 5*q, 2*q = -4 - 6. Let b be d(u). Let x(t) = -t**3 + 5*t**2 - t - 3. What are the prime factors of x(b)?
3
Let r = 716 - 424. List the prime factors of r.
2, 73
Suppose -6*t + 4*t = -330. What are the prime factors of t?
3, 5, 11
Let g be ((-10)/(-4))/((-4)/(-40)). Suppose -g = -k - 4*k. What are the prime factors of k?
5
Let o be 12/(-10) + (-1)/(-5). Let p = -3 + o. List the prime factors of -6 - p - 13*-1.
11
Suppose -91*p = -86*p - 705. List the prime factors of p.
3, 47
Suppose 4*t - 5*t = 0. Suppose t = 5*j - 64 - 31. What are the prime factors of j?
19
Let m(t) = -t + 62. Let b be m(0). Suppose -4*h + 10 = -b. What are the prime factors of h?
2, 3
Suppose 0 = -2*z + 7*z - 10. List the prime factors of z.
2
Let h be (-2 - -5)*1 + 0. Suppose 5*s - 55 = -4*k, -h*s - 3*k + 33 = 2*k. List the prime factors of s.
11
Let k = -109 - -171. What are the prime factors of k?
2, 31
Suppose 5*k = 2*k + 2*l + 206, -2*l + 202 = 3*k. What are the prime factors of k?
2, 17
Let b be 408/(-9) - 3/(-9). Let p = b - -64. What are the prime factors of p?
19
Suppose 4*h + 3*d - 48 = 0, -2*h = 4*d - 14 - 10. Let k be 8/h + 28/(-6). List the prime factors of k*(4/(-2) - 0).
2
Let o(q) = -4*q**3 + q**2 + 3*q - 4. List the prime factors of o(-3).
2, 13
Suppose -4*s + 3*y + 31 = -0*s, 0 = -s - 2*y + 16. Suppose c = 2*c - s. What are the prime factors of c?
2, 5
Let g be (0 - -3) + -2 + 2. Suppose g*s = s + 14. What are the prime factors of s?
7
Let m be (4/3)/(1/9). Let o be ((-64)/m)/((-4)/6). Let k = o - -3. List the prime factors of k.
11
Let w(i) = -7*i - 1. Let a be w(-2). Let f = 30 - a. What are the prime factors of f?
17
Suppose -2*a + 5*b = -5, -3*a + 10 = -5*b - 0*b. Suppose 3*y - 4*y - 3*r = -8, 0 = -y + r - 4. Let q = a + y. List the prime factors of q.
2
Suppose 4*q + 0*q + 2*i - 322 = 0, 398 = 5*q + 4*i. What are the prime factors of q?
2, 41
Let c = 0 + 2. Suppose 0*p + p = r - 2, 20 = -c*r - 4*p. Let m = r + 5. List the prime factors of m.
3
Let g(m) = m**2 + 8*m - 5. Let q be g(-8). Let d(j) = 2*j**2 + 6*j - 5. List the prime factors of d(q).
3, 5
Suppose -5*c = -171 - 319. List the prime factors of c.
2, 7
Let c be (1 + 2)*5/3. List the prime factors of (6/5)/(2/c).
3
Let v = -6 - -9. Let d(s) = -s**2 + 3*s. Let c be d(v). Suppose 2*q - q - 4 = c. List the prime factors of q.
2
Let h = 91 + -52. Suppose -2*d + 5*w + 139 = 0, -2*d - w + 121 = -0*w. Let r = d - h. List the prime factors of r.
23
Suppose 5 = c, -n + 4*c + 0*c = 16. Suppose 6*f = n*f + 70. What are the prime factors of f?
5, 7
Suppose 0 = 6*j - j - 170. What are the prime factors of j?
2, 17
Let g(q) = -q**3 - 6*q**2 - 3*q - 9. Let j = 11 - 6. Suppose -j*b = 3*n + 8, -4*n + 2*n - 3*b = 6. List the prime factors of g(n).
3
Suppose -16 + 172 = 2*h. List the prime factors of h.
2, 3, 13
List the prime factors of -11*(13/39 + (-70)/3).
11, 23
Suppose 2*o + 0*o + 16 = 0. Let p be 84/15 - o/20. Suppose -p = -g - 2*g. What are the prime factors of g?
2
List the prime factors of 54*(2/(-6) - -1).
2, 3
Let a = 102 - 51. List the prime factors of a.
3, 17
Let c(f) = 7*f + 4. Let q(o) = 8*o + 3. Let r(y) = -2*c(y) + 3*q(y). Let m be r(-4). Let h = -27 - m. List the prime factors of h.
2, 3
Suppose -5*v + 532 = 9*v. What are the prime factors of v?
2, 19
Let d(o) = 2*o - 6. Let k be d(4). Suppose -3*q - 47 = 3*b - 14, 0 = -k*q - 4. Let x = b - -13. List the prime factors of x.
2
Let q(k) = -k**3 + 10*k**2 + k - 10. Let b be q(10). Suppose 156 = -b*t + 4*t. Suppose -4*d + t = -17. What are the prime factors of d?
2, 7
Suppose -t + 30 = 3*f + 2*f, -4*t - 3*f + 35 = 0. Suppose t*m - 10 - 40 = 4*c, -5*c = -4*m + 49. What are the prime factors of m?
2, 3
Let d be (0 - (-2 + 1))*1. Let b = -2 - d. List the prime factors of ((-57)/6 - b)*-2.
13
List the prime factors of (197/2)/((-12)/(-24)).
197
Let j be 0 - 6/(3/1). Let n = 9 - j. What are the prime factors of n?
11
Suppose -5*q + 5*j = -545, 0*j - 427 = -4*q + j. List the prime factors of q.
2, 53
Suppose -2*d + 2*r + 8 = 0, -r + 0 - 2 = 0. Let k be (-1)/d*(0 + 0). Suppose k = 3*l + 2*l - 10. List the prime factors of l.
2
Let g be ((-48)/(-6))/(1/6). Suppose -5*l + g + 47 = 0. List the prime factors of l.
19
Let g = 51 + -26. List the prime factors of g.
5
Let m = 52 + -5. List the prime factors of m.
47
Suppose -5*m = 3*x - 78, m = -5*x + 2 - 4. Let v = m - 10. What are the prime factors of v?
2
Let o(g) = 13*g - 8. Let s(k) = -7*k + 4. Let z(j) = 2*o(j) + 5*s(j). What are the prime factors of z(-3)?
31
Suppose 26*n - 282 = 23*n. What are the prime factors of n?
2, 47
Suppose 2*q + 4*x + 28 = 0, 2*q + 3*x = -12 - 19. Let f = q - -30. List the prime factors of f.
2, 5
Let h = 6 - 1. Let o